{"id":4916,"date":"2016-12-15T18:00:37","date_gmt":"2016-12-15T15:00:37","guid":{"rendered":"http:\/\/www.overcom-tr.com\/?page_id=4916"},"modified":"2021-06-11T13:27:29","modified_gmt":"2021-06-11T10:27:29","slug":"sorumluluklarimiz","status":"publish","type":"page","link":"http:\/\/www.metsangroup.com\/?page_id=4916","title":{"rendered":"Sorumluluklar\u0131m\u0131z"},"content":{"rendered":"<div id='layer_slider_1'  class='avia-layerslider main_color avia-shadow  avia-builder-el-0  el_before_av_heading  avia-builder-el-first  container_wrap sidebar_right' style='  height: 351px;' ><\/div><div id='after_layer_slider_1'  class='main_color av_default_container_wrap container_wrap sidebar_right' style=' '  ><div class='container' ><div class='template-page content  av-content-small alpha units'><div class='post-entry post-entry-type-page post-entry-4916'><div class='entry-content-wrapper clearfix'>\n<div  style='padding-bottom:10px; ' class='av-special-heading av-special-heading-h5    avia-builder-el-1  el_after_av_layerslider  el_before_av_textblock  avia-builder-el-first  '><h5 class='av-special-heading-tag '  itemprop=\"headline\"  >Kurumsal Sosyal Sorumluluk<\/h5><div class='special-heading-border'><div class='special-heading-inner-border' ><\/div><\/div><\/div>\n<section class=\"av_textblock_section \"  itemscope=\"itemscope\" itemtype=\"https:\/\/schema.org\/CreativeWork\" ><div class='avia_textblock  '   itemprop=\"text\" ><p class=\"siteact\"><strong>\u00a0Kurulu\u015funuza ve topluma olan katk\u0131s\u0131<\/strong><\/p>\n<p style=\"text-align: justify;\">\u0130\u015f eti\u011fi, kurulu\u015funuzla oldu\u011fu kadar sa\u011flad\u0131\u011f\u0131n\u0131z \u00fcr\u00fcnler ve servislerle de ilgilidir. Bu a\u00e7\u0131dan bak\u0131ld\u0131\u011f\u0131nda, etkili bir\u00a0Kurumsal Sosyal Sorumluluk (Corporate Social Responsibility &#8211; CSR) stratejisi uzun vadede firman\u0131za \u00f6nemli bir kazan\u0131m sa\u011flar.<\/p>\n<p style=\"text-align: justify;\">Yap\u0131lan faaliyetlerin sonu\u00e7lar\u0131n\u0131n ekonomik, \u00e7evresel ve sosyal y\u00f6nlerden dengelenmesinin kamuda\u00a0olumlu bir etkisi vard\u0131r. Bu nedenle, do\u011fru i\u015f orta\u011f\u0131 se\u00e7imi, s\u00fcrd\u00fcr\u00fclebilirli\u011fe olan ba\u011fl\u0131l\u0131\u011f\u0131n\u0131zla ilgili g\u00fc\u00e7l\u00fc bir i\u015faret\u00e7idir. Bunlar\u0131n sa\u011flanmas\u0131 firman\u0131z\u0131n marka de\u011ferini ve k\u00e2r\u0131n\u0131\u00a0artt\u0131r\u0131r.<\/p>\n<\/div><\/section>\n<div class=\"flex_column av_one_half  av-animated-generic bottom-to-top  flex_column_div av-zero-column-padding first  avia-builder-el-3  el_after_av_textblock  el_before_av_one_half  column-top-margin\" style='border-radius:0px; '><p><div  class='avia-image-container  av-styling-no-styling    avia-builder-el-4  el_before_av_heading  avia-builder-el-first  avia-align-center '  itemprop=\"image\" itemscope=\"itemscope\" itemtype=\"https:\/\/schema.org\/ImageObject\"  ><div class='avia-image-container-inner'><div class='avia-image-overlay-wrap'><img decoding=\"async\" class='wp-image-5702 avia-img-lazy-loading-not-5702 avia_image' src=\"http:\/\/www.metsangroup.com\/wp-content\/uploads\/2021\/06\/evd-1-845x321.jpg\" alt='' title='evd' height=\"321\" width=\"845\"  itemprop=\"thumbnailUrl\"  \/><\/div><\/div><\/div><br \/>\n<div  style='padding-bottom:0px; ' class='av-special-heading av-special-heading-h3  blockquote modern-quote  avia-builder-el-5  el_after_av_image  el_before_av_textblock  '><h3 class='av-special-heading-tag '  itemprop=\"headline\"  >\u00c7evre Duyarl\u0131l\u0131\u011f\u0131<\/h3><div class='special-heading-border'><div class='special-heading-inner-border' ><\/div><\/div><\/div><br \/>\n<section class=\"av_textblock_section \"  itemscope=\"itemscope\" itemtype=\"https:\/\/schema.org\/CreativeWork\" ><div class='avia_textblock  '   itemprop=\"text\" ><p style=\"text-align: justify;\"><strong>Metsangroup<\/strong>, projelerinin tasar\u0131m, in\u015fa ve i\u015fletme safhalar\u0131 i\u00e7in, malzeme kullan\u0131m\u0131n\u0131n azalt\u0131lmas\u0131, at\u0131klar\u0131n yeniden kullan\u0131m\u0131 ya da enerji ve su t\u00fcketimi verimlili\u011fi gibi \u00e7e\u015fitli s\u00fcrd\u00fcr\u00fclebilir baz\u0131 alternatifler olu\u015fturmaktad\u0131r. Bu sayede \u00e7evre ko\u015fullar\u0131n\u0131n ya\u015fanabilir bir gelecek sa\u011flamas\u0131 ama\u00e7lanmaktad\u0131r.<\/p>\n<\/div><\/section><\/p><\/div><div class=\"flex_column av_one_half  av-animated-generic bottom-to-top  flex_column_div av-zero-column-padding   avia-builder-el-7  el_after_av_one_half  el_before_av_one_half  column-top-margin\" style='border-radius:0px; '><p><div  class='avia-image-container  av-styling-no-styling    avia-builder-el-8  el_before_av_heading  avia-builder-el-first  avia-align-center '  itemprop=\"image\" itemscope=\"itemscope\" itemtype=\"https:\/\/schema.org\/ImageObject\"  ><div class='avia-image-container-inner'><div class='avia-image-overlay-wrap'><img decoding=\"async\" class='wp-image-5623 avia-img-lazy-loading-not-5623 avia_image' src=\"http:\/\/www.metsangroup.com\/wp-content\/uploads\/2021\/06\/coc3-845x321.jpg\" alt='' title='coc3' height=\"321\" width=\"845\"  itemprop=\"thumbnailUrl\"  \/><\/div><\/div><\/div><br \/>\n<div  style='padding-bottom:0px; ' class='av-special-heading av-special-heading-h3  blockquote modern-quote  avia-builder-el-9  el_after_av_image  el_before_av_textblock  '><h3 class='av-special-heading-tag '  itemprop=\"headline\"  >Sosyal Sorumluluk<\/h3><div class='special-heading-border'><div class='special-heading-inner-border' ><\/div><\/div><\/div><br \/>\n<section class=\"av_textblock_section \"  itemscope=\"itemscope\" itemtype=\"https:\/\/schema.org\/CreativeWork\" ><div class='avia_textblock  '   itemprop=\"text\" ><p style=\"text-align: justify;\"><strong>Metsangroup<\/strong>, g\u00fcvenilir ve sorumluluk sahibi bir \u015firket ve i\u015fveren olabilmek i\u00e7in \u00f6zel baz\u0131 ilkeler benimsemi\u015f ve uygulamaya koymu\u015ftur. Bu ilkelere g\u00f6re <strong>Metsangroup<\/strong>, \u00e7al\u0131\u015fanlar\u0131n\u0131n sa\u011fl\u0131k ve g\u00fcvenli\u011fini \u00f6nemser, \u00e7evreyi korur, etik kurallar \u00e7er\u00e7evesinde i\u015f yapar ve i\u015f yapt\u0131\u011f\u0131 b\u00f6lge ekonomisine katk\u0131 sa\u011flar.<\/p>\n<\/div><\/section><\/p><\/div><div class=\"flex_column av_one_half  av-animated-generic bottom-to-top  flex_column_div av-zero-column-padding first  avia-builder-el-11  el_after_av_one_half  el_before_av_one_half  column-top-margin\" style='border-radius:0px; '><p><div  class='avia-image-container  av-styling-no-styling    avia-builder-el-12  el_before_av_heading  avia-builder-el-first  avia-align-center '  itemprop=\"image\" itemscope=\"itemscope\" itemtype=\"https:\/\/schema.org\/ImageObject\"  ><div class='avia-image-container-inner'><div class='avia-image-overlay-wrap'><img decoding=\"async\" class='wp-image-5693 avia-img-lazy-loading-not-5693 avia_image' src=\"http:\/\/www.metsangroup.com\/wp-content\/uploads\/2021\/06\/energy3-1-1210x423.jpg\" alt='' title='energy3' height=\"423\" width=\"1210\"  itemprop=\"thumbnailUrl\"  \/><\/div><\/div><\/div><br \/>\n<div  style='padding-bottom:0px; ' class='av-special-heading av-special-heading-h3  blockquote modern-quote  avia-builder-el-13  el_after_av_image  el_before_av_textblock  '><h3 class='av-special-heading-tag '  itemprop=\"headline\"  >Enerji Verimlili\u011fi<\/h3><div class='special-heading-border'><div class='special-heading-inner-border' ><\/div><\/div><\/div><br \/>\n<section class=\"av_textblock_section \"  itemscope=\"itemscope\" itemtype=\"https:\/\/schema.org\/CreativeWork\" ><div class='avia_textblock  '   itemprop=\"text\" ><p style=\"text-align: justify;\">Bug\u00fcn\u00fcn d\u00fcnyas\u0131nda yat\u0131r\u0131mlar\u0131n operasyonel verimlili\u011fi ve s\u00fcrd\u00fcr\u00fclebilirli\u011fi i\u00e7in enerji verimi ile aras\u0131nda denge kurulmas\u0131 gerekmektedir. Artan enerji maliyetleri ve do\u011fal kaynaklardaki t\u00fckenmesi, enerji verimlili\u011fini yat\u0131r\u0131mlar\u0131n karl\u0131l\u0131\u011f\u0131n\u0131 etkileyen en \u00f6nemli fakt\u00f6r haline gelmi\u015ftir.<\/p>\n<\/div><\/section><\/p><\/div><div class=\"flex_column av_one_half  av-animated-generic bottom-to-top  flex_column_div av-zero-column-padding   avia-builder-el-15  el_after_av_one_half  avia-builder-el-last  column-top-margin\" style='border-radius:0px; '><p><div  class='avia-image-container  av-styling-no-styling    avia-builder-el-16  el_before_av_heading  avia-builder-el-first  avia-align-center '  itemprop=\"image\" itemscope=\"itemscope\" itemtype=\"https:\/\/schema.org\/ImageObject\"  ><div class='avia-image-container-inner'><div class='avia-image-overlay-wrap'><img decoding=\"async\" class='wp-image-5654 avia-img-lazy-loading-not-5654 avia_image' src=\"http:\/\/www.metsangroup.com\/wp-content\/uploads\/2021\/06\/aile3-1-1210x423.jpg\" alt='' title='Excursion at construction site' height=\"423\" width=\"1210\"  itemprop=\"thumbnailUrl\"  \/><\/div><\/div><\/div><br \/>\n<div  style='padding-bottom:0px; ' class='av-special-heading av-special-heading-h3  blockquote modern-quote  avia-builder-el-17  el_after_av_image  el_before_av_textblock  '><h3 class='av-special-heading-tag '  itemprop=\"headline\"  >\u0130\u015f Sa\u011fl\u0131\u011f\u0131 ve G\u00fcvenli\u011fi<\/h3><div class='special-heading-border'><div class='special-heading-inner-border' ><\/div><\/div><\/div><br \/>\n<section class=\"av_textblock_section \"  itemscope=\"itemscope\" itemtype=\"https:\/\/schema.org\/CreativeWork\" ><div class='avia_textblock  '   itemprop=\"text\" ><p style=\"text-align: justify;\"><strong>Metsangroup <\/strong>\u00e7al\u0131\u015fanlar\u0131n\u0131n s\u0131f\u0131r kaza felsefesinden yola \u00e7\u0131karak ; t\u00fcm faaliyet alanlar\u0131nda, \u00e7al\u0131\u015fanlar\u0131n\u0131n sa\u011fl\u0131k ve g\u00fcvenli\u011fine y\u00f6nelik programlar\u0131n geli\u015ftirilmesi, yayg\u0131nla\u015ft\u0131r\u0131lmas\u0131, etkin bir \u015fekilde uygulanmas\u0131 ve s\u00fcrekli olarak iyile\u015ftirilmesi i\u00e7in \u00e7aba g\u00f6stermektedir.<\/p>\n<\/div><\/section><\/p><\/div><\/p>\n","protected":false},"excerpt":{"rendered":"","protected":false},"author":1,"featured_media":0,"parent":0,"menu_order":1,"comment_status":"closed","ping_status":"closed","template":"","meta":{"footnotes":""},"class_list":["post-4916","page","type-page","status-publish","hentry"],"_links":{"self":[{"href":"http:\/\/www.metsangroup.com\/index.php?rest_route=\/wp\/v2\/pages\/4916","targetHints":{"allow":["GET"]}}],"collection":[{"href":"http:\/\/www.metsangroup.com\/index.php?rest_route=\/wp\/v2\/pages"}],"about":[{"href":"http:\/\/www.metsangroup.com\/index.php?rest_route=\/wp\/v2\/types\/page"}],"author":[{"embeddable":true,"href":"http:\/\/www.metsangroup.com\/index.php?rest_route=\/wp\/v2\/users\/1"}],"replies":[{"embeddable":true,"href":"http:\/\/www.metsangroup.com\/index.php?rest_route=%2Fwp%2Fv2%2Fcomments&post=4916"}],"version-history":[{"count":3,"href":"http:\/\/www.metsangroup.com\/index.php?rest_route=\/wp\/v2\/pages\/4916\/revisions"}],"predecessor-version":[{"id":5718,"href":"http:\/\/www.metsangroup.com\/index.php?rest_route=\/wp\/v2\/pages\/4916\/revisions\/5718"}],"wp:attachment":[{"href":"http:\/\/www.metsangroup.com\/index.php?rest_route=%2Fwp%2Fv2%2Fmedia&parent=4916"}],"curies":[{"name":"wp","href":"https:\/\/api.w.org\/{rel}","templated":true}]}}