{"id":3577,"date":"2015-10-30T22:21:43","date_gmt":"2015-10-30T19:21:43","guid":{"rendered":"http:\/\/www.overcom-tr.com\/?page_id=3577"},"modified":"2021-07-02T19:00:55","modified_gmt":"2021-07-02T16:00:55","slug":"basincli-ekipmanlar-ped","status":"publish","type":"page","link":"http:\/\/www.metsangroup.com\/?page_id=3577","title":{"rendered":"Bas\u0131n\u00e7l\u0131 Ekipmanlar (PED)"},"content":{"rendered":"<div id='layer_slider_1'  class='avia-layerslider main_color avia-shadow  avia-builder-el-0  el_before_av_heading  avia-builder-el-first  container_wrap sidebar_right' style='  height: 151px;' ><\/div><div id='after_layer_slider_1'  class='main_color av_default_container_wrap container_wrap sidebar_right' style=' '  ><div class='container' ><div class='template-page content  av-content-small alpha units'><div class='post-entry post-entry-type-page post-entry-3577'><div class='entry-content-wrapper clearfix'>\n<div  style='padding-bottom:10px; ' class='av-special-heading av-special-heading-h5    avia-builder-el-1  el_after_av_layerslider  el_before_av_gallery  avia-builder-el-first  '><h5 class='av-special-heading-tag '  itemprop=\"headline\"  >Bas\u0131n\u00e7l\u0131 Ekipman \u0130malat\u0131<\/h5><div class='special-heading-border'><div class='special-heading-inner-border' ><\/div><\/div><\/div>\n<div  class='avia-gallery  avia-gallery-1 avia_lazyload avia-gallery-animate avia_animate_when_visible  avia-builder-el-2  el_after_av_heading  el_before_av_hr '  itemprop=\"image\" itemscope=\"itemscope\" itemtype=\"https:\/\/schema.org\/ImageObject\" ><div class='avia-gallery-thumb'> <a href='http:\/\/www.metsangroup.com\/wp-content\/uploads\/2021\/06\/tank1.jpg' data-rel='gallery-1' data-prev-img='http:\/\/www.metsangroup.com\/wp-content\/uploads\/2021\/06\/tank1-495x400.jpg' class='first_thumb lightbox ' data-onclick='1' title='tank1'  itemprop=\"thumbnailUrl\"  ><img decoding=\"async\" class=\"wp-image-5787 avia-img-lazy-loading-not-5787\"   src=\"http:\/\/www.metsangroup.com\/wp-content\/uploads\/2021\/06\/tank1-495x400.jpg\" width=\"495\" height=\"400\"  title='tank1' alt='' \/><\/a> <a href='http:\/\/www.metsangroup.com\/wp-content\/uploads\/2021\/06\/stainless-steel-pressure-vessel-detail.jpg' data-rel='gallery-1' data-prev-img='http:\/\/www.metsangroup.com\/wp-content\/uploads\/2021\/06\/stainless-steel-pressure-vessel-detail-495x400.jpg' class='lightbox ' data-onclick='2' title='stainless-steel-pressure-vessel-detail'  itemprop=\"thumbnailUrl\"  ><img decoding=\"async\" class=\"wp-image-5783 avia-img-lazy-loading-not-5783\"   src=\"http:\/\/www.metsangroup.com\/wp-content\/uploads\/2021\/06\/stainless-steel-pressure-vessel-detail-495x400.jpg\" width=\"495\" height=\"400\"  title='stainless-steel-pressure-vessel-detail' alt='' srcset=\"http:\/\/www.metsangroup.com\/wp-content\/uploads\/2021\/06\/stainless-steel-pressure-vessel-detail-495x400.jpg 495w, http:\/\/www.metsangroup.com\/wp-content\/uploads\/2021\/06\/stainless-steel-pressure-vessel-detail-845x684.jpg 845w\" sizes=\"(max-width: 495px) 100vw, 495px\" \/><\/a> <a href='http:\/\/www.metsangroup.com\/wp-content\/uploads\/2021\/06\/1-4.jpeg' data-rel='gallery-1' data-prev-img='http:\/\/www.metsangroup.com\/wp-content\/uploads\/2021\/06\/1-4-495x400.jpeg' class='lightbox ' data-onclick='3' title='1 (4)'  itemprop=\"thumbnailUrl\"  ><img decoding=\"async\" class=\"wp-image-5817 avia-img-lazy-loading-not-5817\"   src=\"http:\/\/www.metsangroup.com\/wp-content\/uploads\/2021\/06\/1-4-495x400.jpeg\" width=\"495\" height=\"400\"  title='1 (4)' alt='' srcset=\"http:\/\/www.metsangroup.com\/wp-content\/uploads\/2021\/06\/1-4-495x400.jpeg 495w, http:\/\/www.metsangroup.com\/wp-content\/uploads\/2021\/06\/1-4-845x684.jpeg 845w\" sizes=\"(max-width: 495px) 100vw, 495px\" \/><\/a> <a href='http:\/\/www.metsangroup.com\/wp-content\/uploads\/2021\/06\/Konteyner-silobas.jpeg' data-rel='gallery-1' data-prev-img='http:\/\/www.metsangroup.com\/wp-content\/uploads\/2021\/06\/Konteyner-silobas-495x400.jpeg' class='lightbox ' data-onclick='4' title='Konteyner silobas'  itemprop=\"thumbnailUrl\"  ><img decoding=\"async\" class=\"wp-image-5826 avia-img-lazy-loading-not-5826\"   src=\"http:\/\/www.metsangroup.com\/wp-content\/uploads\/2021\/06\/Konteyner-silobas-495x400.jpeg\" width=\"495\" height=\"400\"  title='Konteyner silobas' alt='' srcset=\"http:\/\/www.metsangroup.com\/wp-content\/uploads\/2021\/06\/Konteyner-silobas-495x400.jpeg 495w, http:\/\/www.metsangroup.com\/wp-content\/uploads\/2021\/06\/Konteyner-silobas-845x684.jpeg 845w\" sizes=\"(max-width: 495px) 100vw, 495px\" \/><\/a> <a href='http:\/\/www.metsangroup.com\/wp-content\/uploads\/2021\/06\/20140725_162309-1030x773.jpg' data-rel='gallery-1' data-prev-img='http:\/\/www.metsangroup.com\/wp-content\/uploads\/2021\/06\/20140725_162309-495x400.jpg' class='lightbox ' data-onclick='5' title='20140725_162309'  itemprop=\"thumbnailUrl\"  ><img decoding=\"async\" class=\"wp-image-5820 avia-img-lazy-loading-not-5820\"   src=\"http:\/\/www.metsangroup.com\/wp-content\/uploads\/2021\/06\/20140725_162309-495x400.jpg\" width=\"495\" height=\"400\"  title='20140725_162309' alt='' srcset=\"http:\/\/www.metsangroup.com\/wp-content\/uploads\/2021\/06\/20140725_162309-495x400.jpg 495w, http:\/\/www.metsangroup.com\/wp-content\/uploads\/2021\/06\/20140725_162309-845x684.jpg 845w\" sizes=\"(max-width: 495px) 100vw, 495px\" \/><\/a><\/div><\/div>\n<div  style=' margin-top:10px; margin-bottom:10px;'  class='hr hr-custom hr-center hr-icon-no   avia-builder-el-3  el_after_av_gallery  el_before_av_one_half '><span class='hr-inner  inner-border-av-border-thin' style=' width:2000px;' ><span class='hr-inner-style'><\/span><\/span><\/div>\n<div class=\"flex_column av_one_half  av-animated-generic bottom-to-top  flex_column_div av-zero-column-padding first  avia-builder-el-4  el_after_av_hr  el_before_av_one_half  \" style='margin-top:0px; margin-bottom:0px; border-radius:0px; '><section class=\"av_textblock_section \"  itemscope=\"itemscope\" itemtype=\"https:\/\/schema.org\/CreativeWork\" ><div class='avia_textblock  '   itemprop=\"text\" ><p style=\"text-align: justify;\">Firmam\u0131z, ISO 9001, CE 13445-3 , 2014\/68 EU , ASME Section 8, EN 13542 ve Projeye uygun bas\u0131n\u00e7l\u0131 tank ve vakum tanklar\u0131 imalat\u0131n\u0131 son d\u00f6nem kaynak m\u00fchendisli\u011fi gereklerini yerine getirerek uygun kaynak metodlar\u0131yla sa\u011flamaktad\u0131r. Hava, Azot, Petrol Yak\u0131tlar ve LPG tanklar\u0131 imalat\u0131n\u0131 tahribats\u0131z muayene ile test etmekte, son teslim \u00f6ncesi elektrostatik toz boya ile \u00a0boyamaktad\u0131r. T\u00fcm bas\u0131n\u00e7l\u0131 ekipmanlar &#8221; Hidrostatik Test&#8221; e tabi tutulmaktad\u0131r.<\/p>\n<p style=\"text-align: justify;\">Karbon \u00e7elik ve paslanmaz imalatlar\u0131 yapan firmam\u0131z, fabrikasyon spool ve cebri boru hatlar\u0131n\u0131n imalat, yerinde montaj ve testlerini yapmaktad\u0131r. Altyap\u0131 taahh\u00fct projeleriniz uygun fiyat,\u00a0g\u00fcvenilir hizmet ve teknik bilinciyle \u00fcretilmektedir.<\/p>\n<\/div><\/section><\/div>\n<div class=\"flex_column av_one_half  av-animated-generic bottom-to-top  flex_column_div av-zero-column-padding   avia-builder-el-6  el_after_av_one_half  el_before_av_one_full  \" style='margin-top:0px; margin-bottom:0px; border-radius:0px; '><section class=\"av_textblock_section \"  itemscope=\"itemscope\" itemtype=\"https:\/\/schema.org\/CreativeWork\" ><div class='avia_textblock  '   itemprop=\"text\" ><div id=\"description\" class=\"service__intro\">\n<p style=\"text-align: justify;\">Bas\u0131n\u00e7l\u0131 Ekipmanlar Y\u00f6netmeli\u011fi 2014\/68\/EU (PED) Avrupa\u2019daki bas\u0131n\u00e7l\u0131 ekipmanlara ili\u015fkin t\u00fcm ulusal kanun ve kurallara dahil edilmi\u015ftir ve Avrupa Toplulu\u011fu\u2019nda sat\u0131lan t\u00fcm bas\u0131n\u00e7l\u0131 ekipmanlar\u0131 ilgilendiren tek \u00fcniform d\u00fczenlemeyi ifade etmektedir.<\/p>\n<\/div>\n<div class=\"service__content\">\n<p style=\"text-align: justify;\">1997 y\u0131l\u0131nda yay\u0131nlanan ve 29 May\u0131s 2002 tarihinden beri zorunlu uygulamada olan 97\/23\/EC Bas\u0131n\u00e7l\u0131 Ekipmanlar Y\u00f6netmeli\u011fi y\u00fcr\u00fcrl\u00fckten 19 Temmuz 2016 tarihinde kald\u0131r\u0131lm\u0131\u015f ve 2014 y\u0131l\u0131nda yay\u0131nlanan 2014\/68\/EU Bas\u0131n\u00e7l\u0131 Ekipmanlar Y\u00f6netmeli\u011fi 19 Temmuz 2016 tarihi itibariyle y\u00fcr\u00fcrl\u00fc\u011fe girmi\u015ftir.<\/p>\n<\/div>\n<\/div><\/section><\/div>\n<div class=\"flex_column av_one_full  av-animated-generic bottom-to-top  flex_column_div av-zero-column-padding first  avia-builder-el-8  el_after_av_one_half  el_before_av_one_half  column-top-margin\" style='border-radius:0px; '><div   class=\"togglecontainer   toggle_close_all  avia-builder-el-9  avia-builder-el-no-sibling \" >\n<section class=\"av_toggle_section\"  itemscope=\"itemscope\" itemtype=\"https:\/\/schema.org\/CreativeWork\"  >    <div role=\"tablist\" class=\"single_toggle\" data-tags=\"{T\u00fcm\u00fc} \"  >        <p data-fake-id=\"#toggle-id-1\" class=\"toggler activeTitle\"  itemprop=\"headline\"    role=\"tab\" tabindex=\"0\" aria-controls=\"toggle-id-1\">Bas\u0131n\u00e7l\u0131 Hava \/ Azot Tanklar\u0131<span class=\"toggle_icon\" >        <span class=\"vert_icon\"><\/span><span class=\"hor_icon\"><\/span><\/span><\/p>        <div id=\"toggle-id-1\" class=\"toggle_wrap active_tc\"  style='display:block;' >            <div class=\"toggle_content invers-color \"  itemprop=\"text\"   ><p style=\"text-align: justify;\">50 &#8211; 20.000 lt aras\u0131nda ve 0,5 &#8211; 60 bar aras\u0131nda imal edilen &#8221; Patlay\u0131c\u0131 nitelik ta\u015f\u0131mayan gazlar\u0131n depolanmas\u0131&#8221; ama\u00e7l\u0131 depolar\u0131n temel malzemesi P265GH Y\u00fcksek mukavemetli kazan saclar\u0131ndan yap\u0131lmaktad\u0131r. \u00dcretim m\u00fchendisli\u011fi esas al\u0131narak k\u00f6k ve kapak kaynaklar\u0131 yap\u0131lan depolama tanklar\u0131 , hemen hemen t\u00fcm sekt\u00f6rlerin ihtiyac\u0131 olan pnomatik sistemlerde kullan\u0131lmaktad\u0131r.<\/p>\n<p style=\"text-align: justify;\">Tanklar\u0131n hesaplar\u0131 CAE programlar\u0131 ile yap\u0131larak bas\u0131n\u00e7 ve s\u0131cakl\u0131\u011fa kar\u015f\u0131 gerekli optimizasyonlar yap\u0131lmaktad\u0131r. Teslimat\u0131 yap\u0131lmak \u00fczere haz\u0131rlanan tanklar i\u00e7in bo\u015faltma vanas\u0131, yeterli debide emniyet ventili ve bas\u0131n\u00e7 manometresi tak\u0131l\u0131 olarak g\u00f6nderilmektedir.<\/p>\n            <\/div>        <\/div>    <\/div><\/section>\n<section class=\"av_toggle_section\"  itemscope=\"itemscope\" itemtype=\"https:\/\/schema.org\/CreativeWork\"  >    <div role=\"tablist\" class=\"single_toggle\" data-tags=\"{T\u00fcm\u00fc} \"  >        <p data-fake-id=\"#toggle-id-2\" class=\"toggler \"  itemprop=\"headline\"    role=\"tab\" tabindex=\"0\" aria-controls=\"toggle-id-2\">Vakum Tanklar\u0131<span class=\"toggle_icon\" >        <span class=\"vert_icon\"><\/span><span class=\"hor_icon\"><\/span><\/span><\/p>        <div id=\"toggle-id-2\" class=\"toggle_wrap \"   >            <div class=\"toggle_content invers-color \"  itemprop=\"text\"   ><p style=\"text-align: justify;\"><b>Metsan <\/b>Vakum Tanklar\u0131, ani bas\u0131n\u00e7 de\u011fi\u015fimlerini kar\u015f\u0131layacak \u015fekilde karbon \u00e7elik ya da paslanmaz olarak hesaplanarak imal edilmektedir. <strong>CodeX<\/strong> program\u0131 ile gerekli negatif bas\u0131n\u00e7 hesaplar\u0131 yap\u0131larak \u00fcretime haz\u0131r hale getirilmektedir. Vakum tanklar\u0131 i\u00e7in tan\u0131ml\u0131 bir standart bulunmamaktad\u0131r. Bu y\u00fczden mukavemet hesaplar\u0131 g\u00f6z \u00f6n\u00fcne al\u0131narak statik hesaplar\u0131 yap\u0131lmaktad\u0131r.<\/p>\n<p style=\"text-align: justify;\">Vakum tanklar\u0131na ait detayl\u0131 bilgi ve teknik d\u00f6k\u00fcmanlar\u0131 ilgili bro\u015f\u00fcrlerden temin edebilirsiniz. Deniz seviyesinden y\u00fckseldik\u00e7e de\u011fi\u015fen vakum \u015fartlar\u0131 b\u00f6lgeden b\u00f6lgeye farkl\u0131l\u0131k g\u00f6stermektedir. Hesaplama ve analizlerde kullan\u0131lacak b\u00f6lgenin \u015fartlar\u0131 g\u00f6z \u00f6n\u00fcnde tutularak \u00e7al\u0131\u015fma yap\u0131lmaktad\u0131r.<\/p>\n            <\/div>        <\/div>    <\/div><\/section>\n<section class=\"av_toggle_section\"  itemscope=\"itemscope\" itemtype=\"https:\/\/schema.org\/CreativeWork\"  >    <div role=\"tablist\" class=\"single_toggle\" data-tags=\"{T\u00fcm\u00fc} \"  >        <p data-fake-id=\"#toggle-id-3\" class=\"toggler \"  itemprop=\"headline\"    role=\"tab\" tabindex=\"0\" aria-controls=\"toggle-id-3\">LPG D\u00f6kme Gaz Tanklar\u0131<span class=\"toggle_icon\" >        <span class=\"vert_icon\"><\/span><span class=\"hor_icon\"><\/span><\/span><\/p>        <div id=\"toggle-id-3\" class=\"toggle_wrap \"   >            <div class=\"toggle_content invers-color \"  itemprop=\"text\"   ><p style=\"text-align: justify;\"><b>Metsan <\/b>, D\u00f6kme LPG gazlar\u0131n\u0131n depolanmas\u0131 i\u00e7in TS EN 12542 standard\u0131na uygun ve bas\u0131n\u00e7 hesaplar\u0131n\u0131n EN 13445-3 ( PED ) 2014 \/ 68 EU standard\u0131na g\u00f6re yapmaktad\u0131r. Tanklar\u0131n de\u011ferleri 5m3 &#8211; 30 m3 aras\u0131nda sabit tip olarak \u00fcretilmektedir. LPG tanklar\u0131n\u0131n \u00fcretimde kullan\u0131lan malzemeler P355GH \u00f6zel bas\u0131n\u00e7l\u0131 ekipman karbon saclar\u0131ndan imal edilir. Kaynaklar\u0131 ilgili WPS ler ve kaynak spesifikasyonu baz al\u0131narak TIG + Tozalt\u0131 kaynak ile yap\u0131lmaktad\u0131r.<\/p>\n<p style=\"text-align: justify;\">LPG tanklar\u0131na ait aksesuarlar, uluslar aras\u0131 standarda uygun Alman ve italyan marka belgeli ve testleri yap\u0131lm\u0131\u015f g\u00fcvenilir firmalardan temin edilerek standart olarak verilmektedir. <b>Metsan <\/b>LPG \u00fcnitelerinin TS 1446&#8217;ya g\u00f6re kurulumunu ve tesisat\u0131n\u0131 yaparak anahtar teslimi tesis kurulumu yapabilmektedir.<\/p>\n            <\/div>        <\/div>    <\/div><\/section>\n<section class=\"av_toggle_section\"  itemscope=\"itemscope\" itemtype=\"https:\/\/schema.org\/CreativeWork\"  >    <div role=\"tablist\" class=\"single_toggle\" data-tags=\"{T\u00fcm\u00fc} \"  >        <p data-fake-id=\"#toggle-id-4\" class=\"toggler \"  itemprop=\"headline\"    role=\"tab\" tabindex=\"0\" aria-controls=\"toggle-id-4\">Oksijen \/ Azot Jenerat\u00f6r Tanklar\u0131<span class=\"toggle_icon\" >        <span class=\"vert_icon\"><\/span><span class=\"hor_icon\"><\/span><\/span><\/p>        <div id=\"toggle-id-4\" class=\"toggle_wrap \"   >            <div class=\"toggle_content invers-color \"  itemprop=\"text\"   ><p style=\"text-align: justify;\"><b>Metsan <\/b>, Azot ve oksijen jenerat\u00f6rlerinin tanklar\u0131n\u0131n imalat\u0131n\u0131 \u00fcreticinin vermi\u015f oldu\u011fu hacim ve bas\u0131n\u00e7 de\u011ferleri neticesinde \u00f6zel olarak tasarlay\u0131p montaj \u015fartlar\u0131n\u0131n gere\u011fine g\u00f6re \u00fcretim yapmaktad\u0131r. Ortaya \u00e7\u0131kan model \u00fcreticinin telif haklar\u0131na uygun olarak korunmakta ve di\u011fer firmalarla \u00fcr\u00fcn detaylar\u0131 payla\u015f\u0131lmamaktad\u0131r. <strong>PSA<\/strong> jenerat\u00f6rlerinin \u00f6zel gereksinimleri gere\u011fi karbon yada paslanmaz malzemeden imal edilebilece\u011fi gibi, filtre ve \u00f6zel noz\u00fcl ba\u011flant\u0131lar\u0131 da m\u00fc\u015fteri taleplerine uygun olarak yap\u0131lmaktad\u0131r.<\/p>\n            <\/div>        <\/div>    <\/div><\/section>\n<section class=\"av_toggle_section\"  itemscope=\"itemscope\" itemtype=\"https:\/\/schema.org\/CreativeWork\"  >    <div role=\"tablist\" class=\"single_toggle\" data-tags=\"{T\u00fcm\u00fc} \"  >        <p data-fake-id=\"#toggle-id-5\" class=\"toggler \"  itemprop=\"headline\"    role=\"tab\" tabindex=\"0\" aria-controls=\"toggle-id-5\">Spool \/ Dirsek \u0130malatlar\u0131<span class=\"toggle_icon\" >        <span class=\"vert_icon\"><\/span><span class=\"hor_icon\"><\/span><\/span><\/p>        <div id=\"toggle-id-5\" class=\"toggle_wrap \"   >            <div class=\"toggle_content invers-color \"  itemprop=\"text\"   ><p style=\"text-align: justify;\">Altyap\u0131 sistemlerinin, borulama hatlar\u0131n\u0131n, temiz ya da at\u0131ksu hatlar\u0131, gaz ve petrol hatlar\u0131n\u0131n ba\u011flant\u0131 bran\u015fmanlar\u0131, spoollar\u0131, dirsek ve flan\u015fl\u0131 ekipmanlar\u0131n\u0131n karbon ve paslanmaz olarak imalat\u0131 yap\u0131labilmekte olup, imalat\u0131 yap\u0131lan hatlar\u0131n yerinde yerle\u015fimi, montaj kaynak i\u015fleri ve anahtar teslimi temini yap\u0131labilmektedir.<\/p>\n<p style=\"text-align: justify;\"><b>Metsan <\/b>olarak; cebri boru hatlar\u0131, petrol ve gaz ak\u0131\u015f terminalleri, pompa istasyonlar\u0131, HES ve Ar\u0131tma tesisi altyap\u0131 yard\u0131mc\u0131 mekanik faaliyetlerindeki tecr\u00fcbeli ekibimizle proje i\u015flerinizin yan\u0131nday\u0131z.<\/p>\n            <\/div>        <\/div>    <\/div><\/section>\n<\/div><\/div><div class=\"flex_column av_one_half  av-animated-generic bottom-to-top  flex_column_div av-zero-column-padding first  avia-builder-el-10  el_after_av_one_full  el_before_av_one_half  column-top-margin\" style='border-radius:0px; '><p><div  style='padding-bottom:0px; ' class='av-special-heading av-special-heading-h5  blockquote modern-quote  avia-builder-el-11  el_before_av_textblock  avia-builder-el-first  '><h5 class='av-special-heading-tag '  itemprop=\"headline\"  >\u00d6zel \u00dcretimler<\/h5><div class='special-heading-border'><div class='special-heading-inner-border' ><\/div><\/div><\/div><br \/>\n<section class=\"av_textblock_section \"  itemscope=\"itemscope\" itemtype=\"https:\/\/schema.org\/CreativeWork\" ><div class='avia_textblock  '   itemprop=\"text\" ><p style=\"text-align: justify;\"><strong>Metsan<\/strong>; farkl\u0131 bas\u0131n\u00e7 s\u0131n\u0131f\u0131 ve hacimlere g\u00f6re imalat yapabilece\u011fi gibi,\u00a0hava ve tortu ay\u0131r\u0131c\u0131 seperat\u00f6rler, denge kab\u0131 imalat\u0131 ve \u00e7al\u0131\u015fma \u015fekli ve \u015fartlar\u0131na uygun e\u015fanj\u00f6rlerin, serpantinli \u0131s\u0131t\u0131c\u0131lar\u0131n imalat\u0131n\u0131 da yapmaktad\u0131r. Ayr\u0131ca Jeotermal ama\u00e7l\u0131 gaz ve tortu ay\u0131r\u0131c\u0131 seperasyon tanklar\u0131, \u00e7amur tanklar\u0131 ile petrol \/ fuel oil depolama tanklar\u0131 imalat\u0131 da yap\u0131lmaktad\u0131r.<\/p>\n<\/div><\/section><\/p><\/div><\/p>\n<div class=\"flex_column av_one_half  av-animated-generic bottom-to-top  flex_column_div av-zero-column-padding   avia-builder-el-13  el_after_av_one_half  el_before_av_one_full  column-top-margin\" style='border-radius:0px; '><div  class='avia-image-container  av-styling-no-styling    avia-builder-el-14  avia-builder-el-no-sibling  avia-align-center '  itemprop=\"image\" itemscope=\"itemscope\" itemtype=\"https:\/\/schema.org\/ImageObject\"  ><div class='avia-image-container-inner'><div class='avia-image-overlay-wrap'><img decoding=\"async\" class='wp-image-5796 avia-img-lazy-loading-not-5796 avia_image' src=\"http:\/\/www.metsangroup.com\/wp-content\/uploads\/2021\/06\/tank10.jpg\" alt='' title='tank10' height=\"768\" width=\"1024\"  itemprop=\"thumbnailUrl\" srcset=\"http:\/\/www.metsangroup.com\/wp-content\/uploads\/2021\/06\/tank10.jpg 1024w, http:\/\/www.metsangroup.com\/wp-content\/uploads\/2021\/06\/tank10-300x225.jpg 300w, http:\/\/www.metsangroup.com\/wp-content\/uploads\/2021\/06\/tank10-768x576.jpg 768w, http:\/\/www.metsangroup.com\/wp-content\/uploads\/2021\/06\/tank10-705x529.jpg 705w\" sizes=\"(max-width: 1024px) 100vw, 1024px\" \/><\/div><\/div><\/div><\/div>\n<div class=\"flex_column av_one_full  av-animated-generic bottom-to-top  flex_column_div first  avia-builder-el-15  el_after_av_one_half  avia-builder-el-last  column-top-margin\" style='border-width:1px; border-color:#e1e1e1; border-style:solid; padding:20px; background-color:#fcfcfc; border-radius:0px; '><section class=\"av_textblock_section \"  itemscope=\"itemscope\" itemtype=\"https:\/\/schema.org\/CreativeWork\" ><div class='avia_textblock  '   itemprop=\"text\" ><p style=\"text-align: justify;\">Bas\u0131n\u00e7l\u0131 Ekipmanlar Y\u00f6netmeli\u011fi 2014\/68\/EU (PED) Avrupa\u2019daki bas\u0131n\u00e7l\u0131 ekipmanlara ili\u015fkin t\u00fcm ulusal kanun ve kurallara dahil edilmi\u015ftir ve Avrupa Toplulu\u011fu\u2019nda sat\u0131lan t\u00fcm bas\u0131n\u00e7l\u0131 ekipmanlar\u0131 ilgilendiren tek \u00fcniform d\u00fczenlemeyi ifade etmektedir.<\/p>\n<p style=\"text-align: justify;\">Y\u00f6netmeli\u011fin amac\u0131, maksimum izin verilebilen PS bas\u0131nc\u0131 0,5 bar\u2019dan daha b\u00fcy\u00fck olan bas\u0131n\u00e7l\u0131 ekipmanlar\u0131 ve uymas\u0131 gereken asgari \u015fartlar\u0131n belirlenmesi, s\u0131n\u0131fland\u0131r\u0131lmas\u0131, tasar\u0131m\u0131, imali, montaj\u0131, da\u011f\u0131t\u0131m\u0131, piyasaya arz\u0131, hizmete sunulmas\u0131, kullan\u0131m\u0131, muayene ve belgelendirme i\u015flemlerine ili\u015fkin usul ve esaslar\u0131 belirlemektir olarak tan\u0131mlanm\u0131\u015ft\u0131r.<\/p>\n<\/div><\/section><\/div>\n","protected":false},"excerpt":{"rendered":"","protected":false},"author":1,"featured_media":0,"parent":25,"menu_order":0,"comment_status":"closed","ping_status":"closed","template":"","meta":{"footnotes":""},"class_list":["post-3577","page","type-page","status-publish","hentry"],"_links":{"self":[{"href":"http:\/\/www.metsangroup.com\/index.php?rest_route=\/wp\/v2\/pages\/3577","targetHints":{"allow":["GET"]}}],"collection":[{"href":"http:\/\/www.metsangroup.com\/index.php?rest_route=\/wp\/v2\/pages"}],"about":[{"href":"http:\/\/www.metsangroup.com\/index.php?rest_route=\/wp\/v2\/types\/page"}],"author":[{"embeddable":true,"href":"http:\/\/www.metsangroup.com\/index.php?rest_route=\/wp\/v2\/users\/1"}],"replies":[{"embeddable":true,"href":"http:\/\/www.metsangroup.com\/index.php?rest_route=%2Fwp%2Fv2%2Fcomments&post=3577"}],"version-history":[{"count":6,"href":"http:\/\/www.metsangroup.com\/index.php?rest_route=\/wp\/v2\/pages\/3577\/revisions"}],"predecessor-version":[{"id":5900,"href":"http:\/\/www.metsangroup.com\/index.php?rest_route=\/wp\/v2\/pages\/3577\/revisions\/5900"}],"up":[{"embeddable":true,"href":"http:\/\/www.metsangroup.com\/index.php?rest_route=\/wp\/v2\/pages\/25"}],"wp:attachment":[{"href":"http:\/\/www.metsangroup.com\/index.php?rest_route=%2Fwp%2Fv2%2Fmedia&parent=3577"}],"curies":[{"name":"wp","href":"https:\/\/api.w.org\/{rel}","templated":true}]}}